{"version":"1.0","provider_name":"...sz\u0151k\u00edtett n\u0151 ...","provider_url":"https:\/\/nmarti.cafeblog.hu","author_name":"nm\u00e1rti","author_url":"https:\/\/nmarti.cafeblog.hu\/author\/nmarti\/","title":"Hiszek egy ...","html":"K\u00e9rlek add oda \u00c1ron friss szak\u00e9rt\u0151i v\u00e9lem\u00e9ny\u00e9t! - k\u00e9rte Apa.\r\n\r\nMikorra kell neked?\r\n\r\nMondjuk, ha a J\u00e9zuska meghozza nagyon boldog lenn\u00e9k!\r\n\r\nHmmm .... okt\u00f3ber 17. \u00f3ta nem kaptuk m\u00e9g meg, mert biztosan nagyon elfoglaltak a szak\u00e9r\u0151i bizotts\u00e1gn\u00e1l.\r\n\r\nAki hisz felt\u00e9tel n\u00e9lk\u00fcl a J\u00e9zusk\u00e1ba, annak meg lesz a jutalma.\u00a0 Egy \u00f3r\u00e1t \u00fcltem ma a post\u00e1n, de meg lesz a meglepet\u00e9se kar\u00e1csonyfa alatt.\r\n\r\n&nbsp;","type":"rich"}

...szőkített nő ...

nmárti

Kérlek add oda Áron friss szakértői véleményét! - kérte Apa.

Mikorra kell neked?

Mondjuk, ha a Jézuska meghozza nagyon boldog lennék!

Hmmm .... október 17. óta nem kaptuk még meg, mert biztosan nagyon elfoglaltak a szakérői bizottságnál.

Aki hisz feltétel nélkül a Jézuskába, annak meg lesz a jutalma.  Egy órát ültem ma a postán, de meg lesz a meglepetése karácsonyfa alatt.

&nbsp;
